ppose 6 = m - b*p + 14, 0 = -5*m + 3*p - 23. Let d(i) = -i**3 - 4*i**2 - i - 1. Give d(m).
3
Let p = -6 + 0. Let c be (-12)/(-3*p/(-9)). Let r(u) = -c*u + 9 + 3*u - 10. Calculate r(4).
-13
Let y(c) = 2*c**2 + 6*c + 4. Suppose w + 14 = -3*i, -6 + 0 = 4*i - 5*w. Determine y(i).
12
Let p(h) = 4*h + 15. Let u(s) = 8*s - 18. Let k be u(3). Let y(t) = -5*t - 14. Let g(x) = k*p(x) + 5*y(x). Determine g(9).
11
Suppose -64 = -3*m + 6*i - 2*i, -2*m - 2*i + 52 = 0. Let v(q) = q - 11 + 16 - m. What is v(0)?
-19
Suppose 0 = -n + 3*n. Let a(c) = 20*c**3 - 20*c + 12. Let y(g) = 7*g**3 - 7*g + 4. Suppose 0 = -0*z + z - 6. Let w(q) = z*a(q) - 17*y(q). Calculate w(n).
4
Let r(x) = 3*x + 7. Let o(v) = v**3 - v**2 - 7*v + 19. Let p be o(2). Calculate r(p).
34
Let a = -28 - -34. Let t(b) = 3*b**3 + 2 + 3*b**3 - 7*b**2 + 7*b - 5*b**3. Calculate t(a).
8
Suppose 9*q - i = 4*q + 30, 5*i - 53 = -4*q. Let u(z) = -z**3 + 7*z**2 + z. What is u(q)?
7
Let f(p) = 3*p + 6. Let i(y) = 4*y + 7. Let n(g) = 3*f(g) - 2*i(g). Suppose -36 = 27*a - 15*a. What is n(a)?
1
Let b(r) be the third derivative of -r**6/120 + r**5/15 + 5*r**4/24 + 5*r**3/6 + r**2 - 5. Calculate b(5).
5
Let v(k) = -2*k + k - 3*k**2 + 3*k**2 + 4*k**2. Let w be ((-4)/(-8))/((-2)/(-4)). What is v(w)?
3
Let y(q) = -5 + 7 - 2*q + 4*q + 2*q**3 + 3*q**2. Let u = 49 - 51. Calculate y(u).
-6
Suppose -v = -2*x - 18, -3*v - 2 = 2*x - 0. Let k be (5 + x)/(3 - 1). Let c(y) = -4 - 8*y + 4. Give c(k).
8
Let s = -1190 - -1189. Let t(z) = -18*z - 2. Calculate t(s).
16
Let c = 1 + 10. Let u(m) = -c + 1 + 4 + 2 + m. Calculate u(6).
2
Let y(f) = 3*f**2 - 8*f - 2. Let v(p) = -p**2 + 2*p + 1. Let u(l) = 11*v(l) + 4*y(l). Calculate u(7).
-18
Let c(a) = 10*a - 3*a + 2 + a**2 - 3. Let z(o) = -o**3 - 8*o**2 + 8. Let h be z(-8). Suppose -2*k - h = -0*k. What is c(k)?
-13
Let w(j) = -114*j - 804. Let b be w(-7). Let v(c) = c**3 + 7*c**2 + 7*c + 5. What is v(b)?
-1
Let t(i) = -3*i + 4. Let f(u) = 4*u**2 + 2*u. Let a be f(-2). Suppose -10*r = -7*r - a. Suppose -o + 5*y = -8, 4*y = -o + r - 5. Give t(o).
-5
Let l(o) = o**3 - 5*o**2 + 12*o - 26. Let d be l(4). Let g(r) be the first derivative of -r**2/2 + 3*r + 1. Give g(d).
-3
Let m(k) be the third derivative of k**4/24 - 3*k**3/2 + 35*k**2. Let i(z) = -2*z + 10. Suppose 2*o + 0*o = 4. Let t(c) = o*i(c) + 3*m(c). What is t(0)?
-7
Let u be 1*(-3 + 10 + -4). Let k = u + -5. Let y be ((-16)/k + -4)/1. Let v(i) = 2*i - 4. Calculate v(y).
4
Suppose 279 = -32*u - 73. Let o(j) be the third derivative of j**5/60 + 11*j**4/24 - 5*j**3/6 - 2*j**2. Give o(u).
-5
Let p(z) = -z**2 + z + 4. Suppose 38 = -77*q + 96*q. Determine p(q).
2
Let f(a) be the first derivative of a**4/4 + 17*a**3/3 - 19*a**2 + 8*a + 165. Determine f(-19).
8
Let c(k) = k**2 - 13*k + 38. Let m be c(9). Let q(n) be the first derivative of -1/4*n**4 - 3*n + m*n**3 + n**2 - 3. Determine q(6).
9
Suppose 5*u - 2 = 8. Let o(l) = -153 + 153 + 5*l**u. Give o(1).
5
Let f(j) = -3*j**2 - 2*j - 2. Let n be f(-1). Let t = 8 - 6. Let q(b) = 2*b**t - 1 - 3*b**2 + b - 2*b. Give q(n).
-7
Let j(c) = -3*c**2 - c + 2. Suppose 8*d - 5*d - 21 = 0. Let n(f) = 2*f**2 + 0 - 3*f + f**2 + 5 - 9*f**2. Let m(r) = d*j(r) - 3*n(r). Calculate m(2).
-9
Let c be (12/(-30))/(3/(-45)). Let b(m) = -16*m**3 - 2*m**2 - 8*m - 7. Let z(l) = 33*l**3 + 4*l**2 + 15*l + 13. Let x(w) = c*z(w) + 11*b(w). Calculate x(-1).
-21
Let h(m) = -3*m**2 + m - 5*m - 1 + 2*m. Let j(a) = -4*a + 30. Let u be j(7). Suppose 5*d = -5*o + 20, 0 = -d - u*o + 5 + 4. Give h(d).
-2
Let j(d) = 4 - 3*d + 4*d + 0*d. Suppose z + 13 = -4*y, -850*z - 21 = 3*y - 853*z. Determine j(y).
0
Let m(d) = d**2 + 8*d + 4. Suppose -4*l - 5*u + 45 = -92, 2*u - 122 = -4*l. Suppose 21*t = 25*t + l. What is m(t)?
-3
Let u(x) = -x - 1. Let q(b) = 2*b. Let c(g) = -g**3 + 6*g**2 + 2. Let i be c(6). Let s = -249 + 247. Let m(h) = i*u(h) + s*q(h). What is m(-2)?
10
Let c(j) be the first derivative of j**3 - 3*j**2 + 4*j + 763. Determine c(2).
4
Let o be 1*6*(-16)/(-24). Let m be o/16 - (-1476)/(-16). Let l be m/22 + 6/33. Let x(r) = -r**3 - 6*r**2 - 5*r + 4. Calculate x(l).
-8
Suppose 5*v = v + 16. Let l(g) = -g**3 - 2*g**2 - 3*g - 2. Let s be l(-2). Let r(u) = -s - 3*u + 6 + v*u. Give r(-2).
0
Let t(h) = h + 1. Let l(r) = r**2 - 9*r + 10. Let k be l(9). Suppose -11*n + 16*n + k = 0. Let m be n/(-4)*(-3 + -1). Determine t(m).
-1
Let u(i) be the first derivative of -i**4/24 - 2*i**3/3 + 25*i**2/2 + 13. Let o(r) be the second derivative of u(r). Give o(-4).
0
Let i(t) be the second derivative of t**4/12 + 9*t**2/2 + 1984*t. Suppose -4*n + n = 0. Suppose 3*w + 2*w = n. Calculate i(w).
9
Let n(g) = g**3 + 2*g**2 + 1. Let v be n(-2). Let t be (-9)/(-4) + (1 + -4)/12. Let m(k) = -19 - k**t - 16 + 34. Determine m(v).
-2
Let y = 6 + 0. Let s(a) be the second derivative of 1/6*a**3 - 13*a - 2*a**2 + 0. What is s(y)?
2
Let b(f) = -16*f**2 - 5 - 7*f + 13*f**2 + 5*f**2. Calculate b(4).
-1
Let l(m) = -m**3 + 13*m**2 - 14*m + 29. Let n be l(12). Let k(o) = -4 + 6 + n*o + o. Calculate k(-2).
-10
Let c = 64 + -60. Suppose c*a + a + 20 = 0. Let n(o) = o**2 + 4*o - 3. What is n(a)?
-3
Let y(l) = l**3 + l**2 - 6. Suppose 5*g + j - 5 = 0, -2*g + 2*j = -0*g + 10. What is y(g)?
-6
Let p(o) = 19 - o - 27380*o**2 - 3*o**3 + 27388*o**2 + 2*o**3. Determine p(8).
11
Let u be 1*0*(-1)/(-2). Suppose u = -3*l - l + 16. Let h(r) = r**3 - r + 2. Let j(p) = -5*p**3 + 3*p**2 + 8*p - 7. Let v(n) = 4*h(n) + j(n). Give v(l).
1
Let f = -7 + 12. Let t(a) be the first derivative of -a**2/2 + 3*a - 23. What is t(f)?
-2
Suppose 1 = -3*v + 13. Let f(z) = -z**3 + 9*z**2 - z + z**2 + 3 - v*z**2. Suppose -3*p - 5*y = -8, -11*y = 5*p - 10*y - 28. Give f(p).
-3
Let z(u) = -u**3 + 6*u**2 + 6*u + 1. Suppose -38*y = -37*y + 7. Let d(i) = -3*i - 14. Let m be d(y). Give z(m).
-6
Suppose -10 = -5*d + 15. Let n(v) = 4*v + d*v**2 - 4*v**2 + 45 - 50. Let s be (-2 + 0)/2 + -5. Give n(s).
7
Let p(b) = 45*b + 1. Let q be (88/(-352))/(7/4 - 2). Determine p(q).
46
Let c be 7/(42/4)*6. Let s(b) = -b + 18. Let w(p) = p - 10. Let x(a) = s(a) + 2*w(a). Determine x(c).
2
Let z = -159 + 153. Let i(q) = 3*q + 11. Calculate i(z).
-7
Let y(u) be the third derivative of 23*u**4/24 - u**3/6 + 7*u**2 + 3. Determine y(1).
22
Let k(j) be the first derivative of j**3/3 - j**2/2 - 7*j + 261. What is k(0)?
-7
Suppose -l = -0*q - 3*q + 15, 4*l - 2*q + 40 = 0. Let o be ((-6)/l - 6/(-18))*-1. Let p(v) = -5*v. Let k(g) = -21*g. Let a(x) = -4*k(x) + 18*p(x). Give a(o).
6
Let d = 26 - 18. Let k be ((0 - (3 + -2)) + 6)*1. Let b(n) = n + n + k - d - 5. Calculate b(6).
4
Let b(l) = 269*l - 99*l - 169*l - 2. Let k be 32/5 + 4/(-10). What is b(k)?
4
Let v(t) = 1901*t**2 - 1897*t**2 - 5 + 1 + t + t**3. Determine v(-3).
2
Let s(c) = 2*c. Let k(h) be the second derivative of h**5/20 + h**4/4 + 2*h**3/3 + h**2 - h. Let d be k(-3). Let p = -7 - d. What is s(p)?
6
Suppose -5*t + 15 + 5 = 0, -2*t = 3*u - 5. Let z(q) be the third derivative of -q**6/40 + 4*q**2. Give z(u).
3
Let w(y) = 3*y**2 + 7 + 7*y - 5*y - 6. Suppose 0 = -4*p - p - 5. What is w(p)?
2
Let g(c) = 102 + 2*c - 7*c + 103 - c**2 - 308 + 109. Let a = -6 - 1. Give g(a).
-8
Let i be (1 + -20)*(0 - -1). Let o = -16 - i. Let b(s) = -7 - 7*s**o + 6*s**3 + 2*s + 7*s**2 - s + 0*s**3. Determine b(7).
0
Let s(c) = 4*c + 1. Suppose -5*j = -6*j. Suppose j = -4*w - h + 6, -2*h + 1 = -2*w - 1. Calculate s(w).
5
Let m(n) = 2*n**3 + 0 - 3*n**3 + 10 - 4*n - 6*n**2. Let c be m(-5). Let g(o) = 3*o**2 + 2 - 4*o - 7 - 2*o**2. Determine g(c).
0
Let g(k) = k + 2 + k + k**3 - 3*k. Suppose -9 + 28 = q. Let h = q + -19. Calculate g(h).
2
Suppose -228*w + 227*w + 14 = 0. Let k(l) = -l**2 + 15*l - 8. Determine k(w).
6
Suppose 0 = -11*x + 138 - 28. Let f(z) = -7*z + 74. Let r be f(x). Let a(h) = h**3 - 6*h**2 + 7*h - 4. What is a(r)?
-8
Let t(j) = -4*j + 4. Let r = -44 + 58. Let l = -10 + r. Determine t(l).
-12
Let r(h) = 8*h - 5. Let w(c) = -13*c + 8. Let d(i) = 8*r(i) + 5*w(i). What is d(-2)?
2
Let d be 8 - 10/(-15)*-6. Let y(z) = 7*z**2 - d*z**2 - 5*z - 2*z**2. Determine y(6).
6
Let i(v) = -13*v - 2. Let a be ((-216)/1188)/(1/(-11)). Calculate i(a).
-28
Let l(c) = 16 - 3 + c**2 - 3 - 13*c - 8. Calculate l(13).
2
Let a(f) = -f - 2*f + f + 11 + 6*f. Let k(u) be the third derivati